-5
What is the value of 4 - (3 + -5) - 1?
5
Calculate (-2 + 4 - (0 - 1)) + -1.
2
What is the value of 4 - -5 - -1 - 16?
-6
What is 0 - (4 - 2) - 2?
-4
Calculate 1 - (-3 - (10 + -7)).
7
Evaluate -3 + 1 + 5 + -12.
-9
Calculate 0 + -4 + 2 + 6 + -1.
3
What is 4 - -2 - (36 + -32)?
2
What is -8 + (-5 - (0 - 9))?
-4
What is 4 + (6 - (-3 - -8 - 5))?
10
What is the value of 0 - 2 - (7 - (-3 - -10))?
-2
Calculate (10 - 7 - -5) + 12 + -15.
5
Calculate (-10 - (-9 + 0 - -2)) + 2.
-1
Evaluate -9 - 1 - (-10 + 4).
-4
What is ((-4 - -2) + -2 - -2) + 6?
4
Evaluate 1 + -1 - (5 + -2).
-3
Calculate 2 - (-3 - -10 - 0).
-5
Calculate -1 - (2 + (-6 - -4)).
-1
Calculate (16 - 5) + -4 - 7.
0
-1 + 3 - (-1 - 5) - 4
4
Evaluate -2 + (0 - 2) + 5.
1
Calculate -1 - (1 - 0 - (-2 - 1)).
-5
Calculate -8 - -1 - -1 - -1.
-5
What is 1 - (-1 + (11 - (8 - 2)))?
-3
What is 21 - 23 - (-5 + 2)?
1
What is the value of -4 - ((13 - 5) + 1 - 5)?
-8
Calculate -25 - (-16 - (10 + -11)).
-10
Calculate (-4 - (4 + -1)) + 6.
-1
What is 0 - (0 + 2 - -2)?
-4
Calculate 0 + (10 + -8 - 9).
-7
-8 + 9 + -2 - -1
0
What is the value of (8 - 9) + 7 + 0?
6
Calculate -6 + (3 + 3 + -7 - -3).
-4
What is 1 + 0 + (-5 + -1 - -7)?
2
-1 + -11 + (23 - 10)
1
Evaluate 145 + -147 - (-1 - (-1 - -6)).
4
Evaluate (-1 - (-1 + -4 + 2)) + -2.
0
What is (0 - 1) + 0 - (5 - 2)?
-4
What is the value of -1 - (2 + 3) - -7?
1
What is -2 + 2 + 4 + (-55 - -59)?
8
Evaluate -14 - -14 - (-5 + 0).
5
Evaluate -1 + (-1 + 0 - (2 - 0)).
-4
What is the value of -1 - ((-6 - -3) + 10)?
-8
Evaluate -6 - (-7 + 12 + -10).
-1
Evaluate 3 + (-1 - 2) + (5 - 3).
2
What is the value of -16 - -12 - (0 + 2 + -3)?
-3
Calculate (-14 - -12) + (-3 - -11).
6
What is the value of -11 - -20 - (2 + 8)?
-1
What is the value of 13 + -7 + -5 - 6?
-5
What is -8 + -1 - (4 + -9)?
-4
Evaluate -7 + -6 + 16 - -1.
4
What is the value of -6 + 14 + (-5 - -2) - 4?
1
Calculate (-1 - -3) + -2 + (-1 - -1).
0
Calculate 3 + (6 - (2 - -2)).
5
(1 - (1 + -4)) + -8 + 5
1
What is -8 - ((-2 - -3) + -2 + -2)?
-5
Evaluate -1 + (3 + -2 - 0) - 4.
-4
Evaluate (-20 - -16) + 3 + -1 - -11.
9
What is the value of (7 - 3) + -20 + 22?
6
What is (1 + -3 + 3 - 0) + 3?
4
Evaluate 8 + (-1 + 1 - (-15 - -18)).
5
Calculate 4 - (12 - 7 - (-2 - -1)).
-2
What is the value of 5 + 1 + 40 + -41 + 2?
7
What is the value of -4 + (0 + 0 + 1 - -2)?
-1
9 + 9 - 15 - 10
-7
Evaluate -5 - (-5 + 12 - 8) - -4.
0
Calculate (11 - (-5 + 8)) + (-14 - -2).
-4
Calculate -10 + (-2 - -2) + 9.
-1
Calculate (2 + 1 - 6) + 7.
4
Evaluate -2 + 6 + (-13 - -8).
-1
Evaluate -5 - (2 + -1) - (-3 + 1).
-4
(17 - 22) + 0 + (3 - 1)
-3
(0 + -1 - 11) + 16
4
Calculate -2 - (-1 - ((2 - 3) + -3)).
-5
What is 10 + -3 + 2 + -9?
0
What is the value of -2 + 7 + -2 + -7?
-4
What is 0 - (0 + 1 - (-7 - -10))?
2
What is the value of 2 + (4 - 2 - 6)?
-2
5 + -3 + (-10 - -7)
-1
Calculate -1 - (4 - 4 - 5 - 0).
4
What is 4 + -10 + -8 + 25?
11
What is 2 + 3 + (-4 - -2)?
3
Evaluate -6 - (-25 + 3 - -9).
7
Calculate (14 - 8) + (-5 - 0) + -4.
-3
Calculate 13 + -4 + (-4 - -1).
6
Evaluate -4 - (-4 + 1 - 4).
3
What is the value of (-4 - -3) + (3 - 6) + 0?
-4
What is 2 + 7 + -8 + (0 - 5)?
-4
What is -1 + 3 + 2 - 5?
-1
Calculate (3 - 0) + (-19 - -16).
0
-3 + (1 - -2) - -2
2
What is the value of (56 - 45) + 1 + -10?
2
Evaluate -6 - (0 - (3 - 0 - -1)).
-2
What is (-3 - -2) + 3 + -3 + 3?
2
Evaluate -3 - (1 - 3) - (1 - -1).
-3
-1 + -2 + 1 + -3 + 9
4
What is the value of 14 + -5 + -20 + 4?
-7
Calculate 2 - ((5 - 13) + 6) - -1.
5
What is -2 - (1 + (0 - 6))?
3
-4 + -1 - (-8 + (2 - 4))
5
Calculate (6 - 7) + -4 + (1 - -9).
5
Calculate 0 - (8 - -2 - 8).
-2
What is the value of -5 + (-3 - -13) + -6 - 2?
-3
What is 3 - (2 - (-3 - 1))?
-3
What is the value of 9 + -6 - (3 - 3)?
3
What is -4 - (12 + -24 - (0 + -4))?
4
What is the value of 3 - (6 + 2) - -10?
5
Evaluate -17 + 18 - (3 - 10) - 6.
2
What is the value of 1 + -2 + 1 + (3 - 1)?
2
8 + (10 + -12 - (0 - -2))
4
Evaluate 5 + 0 + -4 + 2.
3
Calculate (1 - (0 - -1)) + -1 + 0.
-1
Evaluate 3 - (9 + -10 + 6).
-2
Calculate 4 + -4 - (2 + 3).
-5
-1 + 4 + (-2 - 5)
-4
What is the value of (4 - (4 - -1)) + 3 + -9?
-7
What is (7 - (8 + 1)) + 1 + 4?
3
What is 3 + -6 + (5 - 3) + 4?
3
What is (-1 - -1) + -93 + 86 - -6?
-1
What is the value of (3 - 1 - (-16 - -12)) + -5?
1
(5 - (-1 - -4)) + -4
-2
What is 4 - 11 - (0 + 0 + -3)?
-4
What is the value of (9 - 0) + (7 - 3) + -8?
5
What is -14 + 6 - (-6 - 0)?
-2
Calculate 1 + 1 - (24 + -12 - 8).
-2
What is (-3 + -2 - -5) + (24 - 16)?
8
What is 3 - (1 - 4 - -1)?
5
What is the value of -9 + 8 + 1 + -5?
-5
Evaluate (-3 - -5) + -2 + -4 + -2.
-6
7 - 3 - (2 - -2)
0
What is (-2 - (-2 - -1)) + -4?
-5
Evaluate -5 + (3 - 3) - -11.
6
7 - (-2 + -2) - 18
-7
What is the value of (6 - 1 - (-6 - -10)) + 3?
4
What is the value of 9 - 0 - (6 + -1)?
4
What is 5 + ((-9 - -3) + 4 - 5)?
-2
4 + (9 - 15 - -6)
4
Calculate 30 + -34 + (0 - 1 - -8).
3
What is -1 + 2 + -4 + (3 - 1)?
-1
What is -10 + -6 + 5 + (-8 - -15)?
-4
2 + 4 + 2 + -2 - 2
4
What is the value of -7 + -2 + 11 + (2 - 7)?
-3
Evaluate 1 + (-1 - -1) + (10 - 14).
-3
Evaluate 9 + (-6 - 2) + (-3 - -1).
-1
3 + 0 + -1 + -2 + -4
-4
Evaluate 0 - (2 - (-5 + 7)).
0
Evaluate (-10 - -13 - 9) + 13.
7
6 - (4 + (-5 - -3))
4
What is the value of -1 + 10 + -10 + 0?
-1
Calculate 0 + 3 - -2 - 6.
-1
Calculate 322 - 328 - (1 + -3 + 0).
-4
Evaluate -4 + (2 - 2) - (1 - 3).
-2
What is 13 - (20 - 2) - -8?
3
What is the value of -5 + (3 - 0) + 4?
2
What is the value of 4 + -2 + (6 + -4 - -1)?
5
Evaluate -8 - 1 - (-34 - -32) - -10.
3
What is the value of 6 + -5 + 3 + -6?
-2
What is the value of 28 - (6 - -6) - 11?
5
What is (7 - 4) + -11 - -10?
2
What is -1 - (0 - (1 - -4))?
4
Evaluate 5 - (1 + -1) - (51 - 43).
-3
What is the value of -1 + -1 - (-14 - (-13 + -4))?
-5
What is 9 + (1 + -2 + 1 - 5)?
4
1 - (-4 + 4) - -1
2
Evaluate -3 + -1 - (-11 - (-9 + 0)).
-2
What is the value of -7 - (-1 - (2 - (5 - 6)))?
-3
Calculate (16 - 14) + -1 + -3 - -4.
2
What is the value of 8 + (-9 - -4 - 4)?
-1
What is the value of 1 - 0 - -2 - -2?
5
What is the value of (1 - -8 - 6) + -11?
-8
Calculate -21 + 26 - (9 - 2).
-2
Evaluate (-6 + 8 - -4) + 1.
7
(-4 - -3) + 5 + -8
-4
What is 4 + -2 + 5 - (3 - 0)?
4
Evaluate 1 + 4 - (1 + -4 + 6).
2
Evaluate -3 + (-2 + 1 - -3).
-1
What is 4 + (6 - 12) - (-1 - 6)?
5
What is (2 - -1) + 1 + -5?
-1
What is the value of -2 + -4 + 2 + 2?
-2
Calculate -10 - -2 - (5 + -9).
-4
-1 + 2 + 5 + (11 - 14)
3
Evaluate -8 + 3 + 11 - 7.
-1
Calculate 8 - (0 + -5 + 9).
4
Evaluate (5 - 12 - -6) + 3 - 6.
-4
Evaluate 9 + 0 - (-6 + 14 + -4).
5
What is the value of 5 + (4 - 5) - 0?
4
Evaluate 1 + (2 + 3 + -4 - -1).
3
Evaluate -2 + 3 - (2 + 0 + 0).
-1
Evaluate -4 - -1 - 1 - (-13 - -12).
-3
What is -1 - 0 - (-34 + 34)?
-1
What is (-10 - -11) + (2 + 2 - 6)?
-1
Evaluate -5 - (5 - ((-2 - -6) + 5)).
-1
Evaluate -19 + (16 - (8 + -4)).
-7
Evaluate 0 - (3 - 6) - 7.
-4
What is (0 - 1) + 6 + (-5 - -3)?
3
Calculate (4 - (9 + -3)) + 6 - 0.
4
Evaluate -2 + (1 - 6 - -12).
5
Evaluate (-2 - -5) + -7 + 4.
0
Evaluate 1 + 1 + 41 + -45.
-2
What is the value of (20 - (3 + 15)) + (-9 - 1)?
-8
What is the value of (-7 - -13) + -2 + -1 + -5?
-2
What is -8 - (-5 + -3 - (4 - 10))?
-6
What is the value of 3 + (-8 - -7) + 2 + -1?
3
Calculate (-2 - (7 - 1)) + 3.
-5
-17 + 22 + -3 + 4 + 0
6
What is the value of 1 + -3 - (-12 + 6)?
4
Evaluate 2 - 11 - (1 - 6).
-4
Evaluate 9 - 1 - (3 + 1).
4
-9 + 4 + (-3 - (-15 - -3))
4
What is the value of -4 - (-1 - (2 + -4 - -3))?
-2
Calculate 5 - (-10 + 1) - 8.
6
What is the value of (0 - (-7 + 5)) + 2?
4
11 - (3 - (11 + -4) - -10)
5
What is the value of -16 - (-17 + 10) - -9?
0
What is the value of -20 + -1 + -18 + 31?
-8
Calculate 6 - (4 - 1) - 0.
3
11 - (12 - 6) - 4
1
Calculate -12 - (-4 - -1) - -2.
-7
What is the value of 9 - (4 + -5 - 1 - -8)?
3
What is the value of -21 - -17 - (5 + -4)?
-5
Calculate -5 - (1 + 5 - (5 - -6)).
0
What is 8 + 0 + -10 + 1 + -4?
-5
What is -17 + 21 + -2 + 3?
5
What is the value of -4 + 3 + -5 + 7?
1
Evaluate 0 + -11 + (-38 - -47).
-2
Calculate (-4 - (-12 - (-5 + 1))) + 0.
4
What is the value of 0 + 0 + (0 - 2)?
-2
-2 + -5 - (-20 + 21)
-8
What is 4 + (-3 - (1 + 0))?
0
Evaluate 7 - (8 - -5) - -13.
7
Calculate 1 - (1 - (2 - -1)).
3
-10 + 6 + -4 - -5
-3
Evaluate (0 - 